{"id":615,"date":"2011-10-23T13:03:53","date_gmt":"2011-10-23T13:03:53","guid":{"rendered":"http:\/\/home.sankturban.de\/?page_id=615"},"modified":"2018-03-30T17:06:28","modified_gmt":"2018-03-30T16:06:28","slug":"frauenkreis-st-christophorus","status":"publish","type":"page","link":"https:\/\/www.sankturban.de\/?page_id=615","title":{"rendered":"Frauenkreis St. Christophorus"},"content":{"rendered":"<p>Wir sind ein offener Kreis und laden herzlich zu unseren Treffen ein. Diese finden regelm\u00e4\u00dfig einmal im Monat statt, jeweils am dritten Mittwoch des Monats.<\/p>\n<p>Auf dem Programm stehen kleinere Ausfl\u00fcge in die n\u00e4here Umgebung und Besichtigungen. In unserer Reihe &#8222;Stuttgart kennenlernen&#8220; haben wir zum Beispiel das Bibelmuseum besichtigt, wir &#8222;testen&#8220; neue Stra\u00dfenbahnlinien, besuchen besondere Orte und Einrichtungen in und au\u00dferhalb Wangens. Den Abschluss bildet jeweils ein gem\u00fctlicher Teil mit Einkehr.<\/p>\n<p>Der Frauenkreis St. Christophorus besteht seit \u00fcber 25 Jahren.<\/p>\n<p>N\u00e4heres zum jeweiligen Programm finden Sie als Aushang im Schaukasten an der Kirche oder in unserem <a title=\"Gemeindeblatt\" href=\"http:\/\/home.sankturban.de\/?page_id=20\">Gemeindeblatt &#8222;St. Urban im Fokus&#8220;<\/a>.<\/p>\n","protected":false},"excerpt":{"rendered":"<p>Wir sind ein offener Kreis und laden herzlich zu unseren Treffen ein. Diese finden regelm\u00e4\u00dfig einmal im Monat statt, jeweils am dritten Mittwoch des Monats. Auf dem Programm stehen kleinere Ausfl\u00fcge in die n\u00e4here Umgebung und Besichtigungen. In unserer Reihe &hellip; <a href=\"https:\/\/www.sankturban.de\/?page_id=615\">Weiterlesen <span class=\"meta-nav\">&rarr;<\/span><\/a><\/p>\n","protected":false},"author":2,"featured_media":0,"parent":328,"menu_order":0,"comment_status":"closed","ping_status":"closed","template":"Hero.php","meta":{"footnotes":""},"class_list":["post-615","page","type-page","status-publish","hentry"],"_links":{"self":[{"href":"https:\/\/www.sankturban.de\/index.php?rest_route=\/wp\/v2\/pages\/615","targetHints":{"allow":["GET"]}}],"collection":[{"href":"https:\/\/www.sankturban.de\/index.php?rest_route=\/wp\/v2\/pages"}],"about":[{"href":"https:\/\/www.sankturban.de\/index.php?rest_route=\/wp\/v2\/types\/page"}],"author":[{"embeddable":true,"href":"https:\/\/www.sankturban.de\/index.php?rest_route=\/wp\/v2\/users\/2"}],"replies":[{"embeddable":true,"href":"https:\/\/www.sankturban.de\/index.php?rest_route=%2Fwp%2Fv2%2Fcomments&post=615"}],"version-history":[{"count":9,"href":"https:\/\/www.sankturban.de\/index.php?rest_route=\/wp\/v2\/pages\/615\/revisions"}],"predecessor-version":[{"id":7158,"href":"https:\/\/www.sankturban.de\/index.php?rest_route=\/wp\/v2\/pages\/615\/revisions\/7158"}],"up":[{"embeddable":true,"href":"https:\/\/www.sankturban.de\/index.php?rest_route=\/wp\/v2\/pages\/328"}],"wp:attachment":[{"href":"https:\/\/www.sankturban.de\/index.php?rest_route=%2Fwp%2Fv2%2Fmedia&parent=615"}],"curies":[{"name":"wp","href":"https:\/\/api.w.org\/{rel}","templated":true}]}}