{"id":393,"date":"2011-08-03T20:18:51","date_gmt":"2011-08-03T20:18:51","guid":{"rendered":"http:\/\/home.sankturban.de\/?page_id=393"},"modified":"2014-12-07T21:20:22","modified_gmt":"2014-12-07T20:20:22","slug":"seniorengarten-st-paulus","status":"publish","type":"page","link":"https:\/\/www.sankturban.de\/?page_id=393","title":{"rendered":"Seniorengarten St. Markus"},"content":{"rendered":"<p><a href=\"http:\/\/home.sankturban.de\/wp-content\/uploads\/2011\/08\/sengart1.jpg\"><img loading=\"lazy\" decoding=\"async\" class=\"alignleft size-medium wp-image-394\" title=\"Seniorengarten 1\" src=\"http:\/\/home.sankturban.de\/wp-content\/uploads\/2011\/08\/sengart1-300x170.jpg\" alt=\"\" width=\"300\" height=\"170\" srcset=\"https:\/\/www.sankturban.de\/wp-content\/uploads\/2011\/08\/sengart1-300x170.jpg 300w, https:\/\/www.sankturban.de\/wp-content\/uploads\/2011\/08\/sengart1.jpg 400w\" sizes=\"auto, (max-width: 300px) 100vw, 300px\" \/><\/a>Als wir 1973 eine selbst\u00e4ndige Pfarrei wurden, gr\u00fcndete Pfarrer Markl den &#8222;Alten-Nachmittag&#8220;. Bald wurde daraus der &#8222;Alten-Club&#8220;, dann der &#8222;Senioren-Nachmittag&#8220;. 1993 \u00fcbernahm ich die Leitung der Seniorenarbeit, und wir suchten gemeinsam einen neuen Namen. Der Eingang zum Gemeindesaal der katholischen Kirche liegt gleich neben dem Eingang zum &#8222;Kindergarten&#8220;, und wir fanden es sch\u00f6n, uns fortan im &#8222;Seniorengarten&#8220; zu treffen!<\/p>\n<p>Wir Seniorinnen und Senioren der Gemeinde kommen dort am ersten Mittwoch jeden Monats zu Kaffee und Kuchen zusammen. Anschlie\u00dfend gibt es ein Programm wie z.B. Dia-Vortr\u00e4ge, Besuch der Polizei oder der SSB, Stabpuppenspieler, M\u00e4rchenerz\u00e4hler usw. Im Mai machen wir einen Tagesausflug, meistens im Juli eine Hocketse im Freien, und im Dezember eine Adventsfeier. Einmal im Jahr gibt es einen \u00f6kumenischen Seniorentag mit der evangelischen Gemeinde zusammen. Wir haben ein gutes Team f\u00fcr die Bewirtschaftung und das Programm.<\/p>\n<p><a href=\"http:\/\/home.sankturban.de\/wp-content\/uploads\/2011\/08\/sengart2.jpg\"><img loading=\"lazy\" decoding=\"async\" class=\"alignright size-medium wp-image-395\" title=\"Seniorengarten 2\" src=\"http:\/\/home.sankturban.de\/wp-content\/uploads\/2011\/08\/sengart2-300x170.jpg\" alt=\"\" width=\"300\" height=\"170\" srcset=\"https:\/\/www.sankturban.de\/wp-content\/uploads\/2011\/08\/sengart2-300x170.jpg 300w, https:\/\/www.sankturban.de\/wp-content\/uploads\/2011\/08\/sengart2.jpg 400w\" sizes=\"auto, (max-width: 300px) 100vw, 300px\" \/><\/a>Gut &#8222;aufgehoben&#8220;, wie die Kinder im Kindergarten sollen unsere Seniorinnen und Senioren in ihrem &#8222;Seniorengarten&#8220; sein. Wir m\u00f6chten, dass die Nachmittage ihnen Freude bringen, dass sie Zeit haben f\u00fcr ein &#8222;Schw\u00e4tzle&#8220;, und dass sie sich in guter Gemeinschaft wohl f\u00fchlen.<\/p>\n<p>Gisella Schwarz<\/p>\n","protected":false},"excerpt":{"rendered":"<p>Als wir 1973 eine selbst\u00e4ndige Pfarrei wurden, gr\u00fcndete Pfarrer Markl den &#8222;Alten-Nachmittag&#8220;. Bald wurde daraus der &#8222;Alten-Club&#8220;, dann der &#8222;Senioren-Nachmittag&#8220;. 1993 \u00fcbernahm ich die Leitung der Seniorenarbeit, und wir suchten gemeinsam einen neuen Namen. Der Eingang zum Gemeindesaal der katholischen &hellip; <a href=\"https:\/\/www.sankturban.de\/?page_id=393\">Weiterlesen <span class=\"meta-nav\">&rarr;<\/span><\/a><\/p>\n","protected":false},"author":1,"featured_media":0,"parent":230,"menu_order":0,"comment_status":"closed","ping_status":"closed","template":"","meta":{"footnotes":""},"class_list":["post-393","page","type-page","status-publish","hentry"],"_links":{"self":[{"href":"https:\/\/www.sankturban.de\/index.php?rest_route=\/wp\/v2\/pages\/393","targetHints":{"allow":["GET"]}}],"collection":[{"href":"https:\/\/www.sankturban.de\/index.php?rest_route=\/wp\/v2\/pages"}],"about":[{"href":"https:\/\/www.sankturban.de\/index.php?rest_route=\/wp\/v2\/types\/page"}],"author":[{"embeddable":true,"href":"https:\/\/www.sankturban.de\/index.php?rest_route=\/wp\/v2\/users\/1"}],"replies":[{"embeddable":true,"href":"https:\/\/www.sankturban.de\/index.php?rest_route=%2Fwp%2Fv2%2Fcomments&post=393"}],"version-history":[{"count":10,"href":"https:\/\/www.sankturban.de\/index.php?rest_route=\/wp\/v2\/pages\/393\/revisions"}],"predecessor-version":[{"id":550,"href":"https:\/\/www.sankturban.de\/index.php?rest_route=\/wp\/v2\/pages\/393\/revisions\/550"}],"up":[{"embeddable":true,"href":"https:\/\/www.sankturban.de\/index.php?rest_route=\/wp\/v2\/pages\/230"}],"wp:attachment":[{"href":"https:\/\/www.sankturban.de\/index.php?rest_route=%2Fwp%2Fv2%2Fmedia&parent=393"}],"curies":[{"name":"wp","href":"https:\/\/api.w.org\/{rel}","templated":true}]}}