{"id":3670,"date":"2015-03-08T20:54:41","date_gmt":"2015-03-08T19:54:41","guid":{"rendered":"http:\/\/www.sankturban.de\/?page_id=3670"},"modified":"2020-12-20T23:03:20","modified_gmt":"2020-12-20T22:03:20","slug":"sakramente","status":"publish","type":"page","link":"https:\/\/www.sankturban.de\/?page_id=3670","title":{"rendered":"Sakramente"},"content":{"rendered":"<p>Bitte w\u00e4hlen Sie f\u00fcr weitere Informationen eines der Sakramente aus dem oberen Men\u00fc aus<\/p>\n","protected":false},"excerpt":{"rendered":"<p>Bitte w\u00e4hlen Sie f\u00fcr weitere Informationen eines der Sakramente aus dem oberen Men\u00fc aus<\/p>\n","protected":false},"author":1,"featured_media":0,"parent":3686,"menu_order":8,"comment_status":"closed","ping_status":"open","template":"","meta":{"footnotes":""},"class_list":["post-3670","page","type-page","status-publish","hentry"],"_links":{"self":[{"href":"https:\/\/www.sankturban.de\/index.php?rest_route=\/wp\/v2\/pages\/3670","targetHints":{"allow":["GET"]}}],"collection":[{"href":"https:\/\/www.sankturban.de\/index.php?rest_route=\/wp\/v2\/pages"}],"about":[{"href":"https:\/\/www.sankturban.de\/index.php?rest_route=\/wp\/v2\/types\/page"}],"author":[{"embeddable":true,"href":"https:\/\/www.sankturban.de\/index.php?rest_route=\/wp\/v2\/users\/1"}],"replies":[{"embeddable":true,"href":"https:\/\/www.sankturban.de\/index.php?rest_route=%2Fwp%2Fv2%2Fcomments&post=3670"}],"version-history":[{"count":5,"href":"https:\/\/www.sankturban.de\/index.php?rest_route=\/wp\/v2\/pages\/3670\/revisions"}],"predecessor-version":[{"id":4440,"href":"https:\/\/www.sankturban.de\/index.php?rest_route=\/wp\/v2\/pages\/3670\/revisions\/4440"}],"up":[{"embeddable":true,"href":"https:\/\/www.sankturban.de\/index.php?rest_route=\/wp\/v2\/pages\/3686"}],"wp:attachment":[{"href":"https:\/\/www.sankturban.de\/index.php?rest_route=%2Fwp%2Fv2%2Fmedia&parent=3670"}],"curies":[{"name":"wp","href":"https:\/\/api.w.org\/{rel}","templated":true}]}}