{"id":299,"date":"2011-07-18T20:49:18","date_gmt":"2011-07-18T20:49:18","guid":{"rendered":"http:\/\/home.sankturban.de\/?page_id=299"},"modified":"2025-09-12T17:51:04","modified_gmt":"2025-09-12T16:51:04","slug":"ministranten-st-paulus","status":"publish","type":"page","link":"https:\/\/www.sankturban.de\/?page_id=299","title":{"rendered":"Ministranten St. Markus"},"content":{"rendered":"<p>Ministrantinnen und Ministranten (kurz: <strong>Minis<\/strong>) sind ein wichtiger Bestandteil bei den Gottesdiensten. Sie tragen dazu bei, dass Gottesdienste richtig feierlich abgehalten werden k\u00f6nnen.<\/p>\n<p><img loading=\"lazy\" decoding=\"async\" class=\"alignleft\" src=\"https:\/\/www.sankturban.de\/wp-content\/uploads\/2012\/02\/Image9.gif\" alt=\"\" width=\"113\" height=\"132\" \/><br \/>\nUm die Gemeinschaft unter den Minis zu f\u00f6rdern gibt es Gruppenstunden, in denen anfangs das Ministrieren ge\u00fcbt. Sp\u00e4ter sind die Gruppenstunden Treffpunkt f\u00fcr vielerlei gemeinsame Unternehmungen mit anderen Minis aus unserer Seelsorgeeinheit St. Urban.<\/p>\n<p>Zus\u00e4tzlich zu diesen Gruppenstunden gibt es auch noch &#8222;Gro\u00df-Aktionen&#8220; wie z.B. das Sternsingen, unseren allj\u00e4hrlichen Ministranten-Ausflug nach Tripsdrill sowie die Teilnahme an Stuttgart Yard oder dem Stuttgarter Ministranten-Fussballturnier.<\/p>\n<p>Als absolutes &#8222;Mega-Event&#8220; sei auch noch die alle paar Jahre stattfindende internationale Rom-Wallfahrt der Ministranten angef\u00fchrt; die N\u00e4chste findet voraussichtlich im Sommer 2028 statt.<\/p>\n<p>N\u00e4here Info&#8217;s gibt es unter der eMail: <a href=\"mailto:Ministranten@SanktUrban.de\">Ministranten@SanktUrban.de<\/a><\/p>\n<p>Wir haben hier auf unserer Homepage unter &#8222;Informationen&#8220; eine zus\u00e4tzliche Rubrik &#8222;<a href=\"https:\/\/www.sankturban.de\/?page_id=9794\" target=\"_blank\" rel=\"noreferrer noopener\" data-type=\"URL\" data-id=\"https:\/\/www.sankturban.de\/?page_id=9794\">Ministranten<\/a>&#8220; eingerichtet. Dort finden sich aktuelle Informationen rund um die &#8222;<em>Minis in der Gesamtkirchengemeinde St. Urban<\/em>&#8222;<\/p>\n","protected":false},"excerpt":{"rendered":"<p>Ministrantinnen und Ministranten (kurz: Minis) sind ein wichtiger Bestandteil bei den Gottesdiensten. Sie tragen dazu bei, dass Gottesdienste richtig feierlich abgehalten werden k\u00f6nnen. Um die Gemeinschaft unter den Minis zu f\u00f6rdern gibt es Gruppenstunden, in denen anfangs das Ministrieren ge\u00fcbt. &hellip; <a href=\"https:\/\/www.sankturban.de\/?page_id=299\">Weiterlesen <span class=\"meta-nav\">&rarr;<\/span><\/a><\/p>\n","protected":false},"author":1,"featured_media":0,"parent":230,"menu_order":0,"comment_status":"closed","ping_status":"closed","template":"Hero.php","meta":{"footnotes":""},"class_list":["post-299","page","type-page","status-publish","hentry"],"_links":{"self":[{"href":"https:\/\/www.sankturban.de\/index.php?rest_route=\/wp\/v2\/pages\/299","targetHints":{"allow":["GET"]}}],"collection":[{"href":"https:\/\/www.sankturban.de\/index.php?rest_route=\/wp\/v2\/pages"}],"about":[{"href":"https:\/\/www.sankturban.de\/index.php?rest_route=\/wp\/v2\/types\/page"}],"author":[{"embeddable":true,"href":"https:\/\/www.sankturban.de\/index.php?rest_route=\/wp\/v2\/users\/1"}],"replies":[{"embeddable":true,"href":"https:\/\/www.sankturban.de\/index.php?rest_route=%2Fwp%2Fv2%2Fcomments&post=299"}],"version-history":[{"count":27,"href":"https:\/\/www.sankturban.de\/index.php?rest_route=\/wp\/v2\/pages\/299\/revisions"}],"predecessor-version":[{"id":15479,"href":"https:\/\/www.sankturban.de\/index.php?rest_route=\/wp\/v2\/pages\/299\/revisions\/15479"}],"up":[{"embeddable":true,"href":"https:\/\/www.sankturban.de\/index.php?rest_route=\/wp\/v2\/pages\/230"}],"wp:attachment":[{"href":"https:\/\/www.sankturban.de\/index.php?rest_route=%2Fwp%2Fv2%2Fmedia&parent=299"}],"curies":[{"name":"wp","href":"https:\/\/api.w.org\/{rel}","templated":true}]}}