{"id":16,"date":"2011-06-18T19:15:04","date_gmt":"2011-06-18T19:15:04","guid":{"rendered":"http:\/\/blog.eldiag.de\/?page_id=16"},"modified":"2023-12-18T13:04:04","modified_gmt":"2023-12-18T12:04:04","slug":"club-3","status":"publish","type":"page","link":"https:\/\/www.sankturban.de\/?page_id=16","title":{"rendered":"Club 3"},"content":{"rendered":"<h3 style=\"text-align: center;\">F\u00fcr Seniorennachmittage zu jung, f\u00fcr das Berufsleben nicht mehr jung genug &#8211; dann haben Sie das ideale Alter f\u00fcr den Club3!<\/h3>\n<p><a href=\"https:\/\/www.sankturban.de\/wp-content\/uploads\/2011\/06\/club3.jpg\"><img loading=\"lazy\" decoding=\"async\" class=\"aligncenter size-medium wp-image-820\" title=\"Club3\" src=\"https:\/\/www.sankturban.de\/wp-content\/uploads\/2011\/06\/club3-300x187.jpg\" alt=\"Club3\" width=\"300\" height=\"187\" srcset=\"https:\/\/www.sankturban.de\/wp-content\/uploads\/2011\/06\/club3-300x187.jpg 300w, https:\/\/www.sankturban.de\/wp-content\/uploads\/2011\/06\/club3.jpg 500w\" sizes=\"auto, (max-width: 300px) 100vw, 300px\" \/><\/a>Einige &#8222;Unruhest\u00e4ndler&#8220; aus St. Paulus hatten im Jahre 1998 die Idee, mit und f\u00fcr interessierte Altersgenossen um die Sechzig im Pfarrverbund mit der Nachbargemeinde St. Christophorus, Stuttgart-Wangen eine agile Seniorengruppe unter der Bezeichnung <strong>Club 3<\/strong> (3. Lebensabschnitt) entstehen zu lassen.<\/p>\n<p>Die Gruppe war in k\u00fcrzester Zeit auf die best\u00e4ndige Teilnehmerzahl von 30 Personen angewachsen und trifft sich regelm\u00e4\u00dfig am zweiten Dienstag im Monat. Auf dem Programm steht, nach der obligatorischen Anfahrt mit \u00f6ffentlichen Verkehrsmitteln, in der Regel eine kleine Wanderung zu einer besonderen Sehensw\u00fcrdigkeit, die Besichtigung eines Betriebes, Museums oder eine Stadtf\u00fchrung. Wichtiger Bestandteil dieser Ausfl\u00fcge ist die Einkehr in einer gem\u00fctlichen Gastst\u00e4tte oder in einem guten Besenlokal. Im Monat Juli ist der Garten von Clubmitgliedern Zielpunkt der Wanderung. Zusammen mit den Senioren vom <a title=\"Seniorengarten St. Paulus\" href=\"https:\/\/www.sankturban.de\/?page_id=393\"><strong>Seniorengarten<\/strong> <\/a>wird Fasching gefeiert und der Dezembertermin ist f\u00fcr einen besinnlichen Adventnachmittag in den Gemeinder\u00e4umen reserviert.<\/p>\n","protected":false},"excerpt":{"rendered":"<p>F\u00fcr Seniorennachmittage zu jung, f\u00fcr das Berufsleben nicht mehr jung genug &#8211; dann haben Sie das ideale Alter f\u00fcr den Club3! Einige &#8222;Unruhest\u00e4ndler&#8220; aus St. Paulus hatten im Jahre 1998 die Idee, mit und f\u00fcr interessierte Altersgenossen um die Sechzig &hellip; <a href=\"https:\/\/www.sankturban.de\/?page_id=16\">Weiterlesen <span class=\"meta-nav\">&rarr;<\/span><\/a><\/p>\n","protected":false},"author":1,"featured_media":0,"parent":230,"menu_order":0,"comment_status":"closed","ping_status":"closed","template":"Hero.php","meta":{"footnotes":""},"class_list":["post-16","page","type-page","status-publish","hentry"],"_links":{"self":[{"href":"https:\/\/www.sankturban.de\/index.php?rest_route=\/wp\/v2\/pages\/16","targetHints":{"allow":["GET"]}}],"collection":[{"href":"https:\/\/www.sankturban.de\/index.php?rest_route=\/wp\/v2\/pages"}],"about":[{"href":"https:\/\/www.sankturban.de\/index.php?rest_route=\/wp\/v2\/types\/page"}],"author":[{"embeddable":true,"href":"https:\/\/www.sankturban.de\/index.php?rest_route=\/wp\/v2\/users\/1"}],"replies":[{"embeddable":true,"href":"https:\/\/www.sankturban.de\/index.php?rest_route=%2Fwp%2Fv2%2Fcomments&post=16"}],"version-history":[{"count":12,"href":"https:\/\/www.sankturban.de\/index.php?rest_route=\/wp\/v2\/pages\/16\/revisions"}],"predecessor-version":[{"id":13641,"href":"https:\/\/www.sankturban.de\/index.php?rest_route=\/wp\/v2\/pages\/16\/revisions\/13641"}],"up":[{"embeddable":true,"href":"https:\/\/www.sankturban.de\/index.php?rest_route=\/wp\/v2\/pages\/230"}],"wp:attachment":[{"href":"https:\/\/www.sankturban.de\/index.php?rest_route=%2Fwp%2Fv2%2Fmedia&parent=16"}],"curies":[{"name":"wp","href":"https:\/\/api.w.org\/{rel}","templated":true}]}}

<h3 style="text-align: center;">Für Seniorennachmittage zu jung, für das Berufsleben nicht mehr jung genug &#8211; dann haben Sie das ideale Alter für den Club3!</h3>
<p><a href="https://www.sankturban.de/wp-content/uploads/2011/06/club3.jpg"><img loading="lazy" decoding="async" class="aligncenter size-medium wp-image-820" title="Club3" src="https://www.sankturban.de/wp-content/uploads/2011/06/club3-300x187.jpg" alt="Club3" width="300" height="187" srcset="https://www.sankturban.de/wp-content/uploads/2011/06/club3-300x187.jpg 300w, https://www.sankturban.de/wp-content/uploads/2011/06/club3.jpg 500w" sizes="auto, (max-width: 300px) 100vw, 300px" /></a>Einige &#8222;Unruheständler&#8220; aus St. Paulus hatten im Jahre 1998 die Idee, mit und für interessierte Altersgenossen um die Sechzig im Pfarrverbund mit der Nachbargemeinde St. Christophorus, Stuttgart-Wangen eine agile Seniorengruppe unter der Bezeichnung <strong>Club 3</strong> (3. Lebensabschnitt) entstehen zu lassen.</p>
<p>Die Gruppe war in kürzester Zeit auf die beständige Teilnehmerzahl von 30 Personen angewachsen und trifft sich regelmäßig am zweiten Dienstag im Monat. Auf dem Programm steht, nach der obligatorischen Anfahrt mit öffentlichen Verkehrsmitteln, in der Regel eine kleine Wanderung zu einer besonderen Sehenswürdigkeit, die Besichtigung eines Betriebes, Museums oder eine Stadtführung. Wichtiger Bestandteil dieser Ausflüge ist die Einkehr in einer gemütlichen Gaststätte oder in einem guten Besenlokal. Im Monat Juli ist der Garten von Clubmitgliedern Zielpunkt der Wanderung. Zusammen mit den Senioren vom <a title="Seniorengarten St. Paulus" href="https://www.sankturban.de/?page_id=393"><strong>Seniorengarten</strong> </a>wird Fasching gefeiert und der Dezembertermin ist für einen besinnlichen Adventnachmittag in den Gemeinderäumen reserviert.</p>

<p>Für Seniorennachmittage zu jung, für das Berufsleben nicht mehr jung genug &#8211; dann haben Sie das ideale Alter für den Club3! Einige &#8222;Unruheständler&#8220; aus St. Paulus hatten im Jahre 1998 die Idee, mit und für interessierte Altersgenossen um die Sechzig &hellip; <a href="https://www.sankturban.de/?page_id=16">Weiterlesen <span class="meta-nav">&rarr;</span></a></p>
