{"id":1108,"date":"2012-03-05T20:41:52","date_gmt":"2012-03-05T19:41:52","guid":{"rendered":"http:\/\/www.sankturban.de\/?page_id=1108"},"modified":"2016-07-01T10:00:40","modified_gmt":"2016-07-01T09:00:40","slug":"flotengruppe","status":"publish","type":"page","link":"https:\/\/www.sankturban.de\/?page_id=1108","title":{"rendered":"Fl\u00f6tengruppe"},"content":{"rendered":"<p><a href=\"https:\/\/www.sankturban.de\/wp-content\/uploads\/2012\/03\/Sommerfl\u00f6ten-19.jpg\"><img loading=\"lazy\" decoding=\"async\" class=\"alignleft size-medium wp-image-5235\" title=\"Sommerfl\u00f6tengruppe\" src=\"https:\/\/www.sankturban.de\/wp-content\/uploads\/2012\/03\/Sommerfl\u00f6ten-19-300x225.jpg\" alt=\"\" width=\"300\" height=\"225\" srcset=\"https:\/\/www.sankturban.de\/wp-content\/uploads\/2012\/03\/Sommerfl\u00f6ten-19-300x225.jpg 300w, https:\/\/www.sankturban.de\/wp-content\/uploads\/2012\/03\/Sommerfl\u00f6ten-19-1024x768.jpg 1024w, https:\/\/www.sankturban.de\/wp-content\/uploads\/2012\/03\/Sommerfl\u00f6ten-19.jpg 2048w\" sizes=\"auto, (max-width: 300px) 100vw, 300px\" \/><\/a>Unser Ensemble besteht momentan aus 9 Mitgliedern, sodass beim Quartettspiel alle Stimmen doppelt besetzt werden k\u00f6nnen. Ab und zu spielen wir auch stimm\u00fcbergreifende St\u00fccke mit anderen interessanten Besetzungen.<\/p>\n<p>Wir spielen Musik vom Fr\u00fchbarock bis zu modernen Pop- und Musicalinterpretationen f\u00fcr Blockfl\u00f6ten. Wir verstehen uns als \u00f6kumenische Gruppe und spielen bei den unterschiedlichsten Anl\u00e4ssen bei katholischen und evangelischen Gemeinden, aber auch \u00e4lteren Mitb\u00fcrgern in Heimen bereiten wir immer wieder eine gro\u00dfe Freude mit unserem Fl\u00f6tenspiel. Wir sind urspr\u00fcnglich aus einer privaten Initiative entstanden, sind nun unter dem Dach des Musikvereins Obert\u00fcrkheim angesiedelt. Wir k\u00f6nnen hier unserer Musizierfreude mit Vergn\u00fcgen nachkommen.<\/p>\n<p><strong>Wir freuen uns \u00fcber alle, die bei uns gerne mitspielen m\u00f6chten.<\/strong><\/p>\n<table border=\"1\" cellspacing=\"0\" cellpadding=\"0\" width=\"640\" height=\"196\">\n<tbody>\n<tr>\n<td width=\"679\" valign=\"top\">Die Fl\u00f6tengruppe trifft sich alle 2 Wochen mittwochs von 20.00 bis 21.30 Uhr im Proberaum des Musikvereins Obert\u00fcrkheim in der Kelter, Uhlbacher Str. 42, Eingang Sulzgrie\u00dfer Str. unter der Leitung von Frau Renate Beck-Winkler<\/p>\n<p><a href=\"https:\/\/www.sankturban.de\/wp-content\/uploads\/2012\/03\/Sommerfl\u00f6ten-56.jpg\"><img loading=\"lazy\" decoding=\"async\" class=\"alignright size-medium wp-image-5236\" title=\"Sommerfl\u00f6ten\" src=\"https:\/\/www.sankturban.de\/wp-content\/uploads\/2012\/03\/Sommerfl\u00f6ten-56-300x224.jpg\" alt=\"\" width=\"300\" height=\"224\" srcset=\"https:\/\/www.sankturban.de\/wp-content\/uploads\/2012\/03\/Sommerfl\u00f6ten-56-300x224.jpg 300w, https:\/\/www.sankturban.de\/wp-content\/uploads\/2012\/03\/Sommerfl\u00f6ten-56-1024x768.jpg 1024w, https:\/\/www.sankturban.de\/wp-content\/uploads\/2012\/03\/Sommerfl\u00f6ten-56.jpg 2048w\" sizes=\"auto, (max-width: 300px) 100vw, 300px\" \/><\/a><br \/>\nKontakt unter:<br \/>\n<a href=\"http:\/\/www.mv-obertuerkheim.de\/\" target=\"_blank\">http:\/\/www.mv-obertuerkheim.de<\/a><\/p>\n<p>oder<\/p>\n<p>Tel.: 07024 \/46 92 62<br \/>\nFax: 070 24 \/ 46 92 63<\/td>\n<\/tr>\n<\/tbody>\n<\/table>\n","protected":false},"excerpt":{"rendered":"<p>Unser Ensemble besteht momentan aus 9 Mitgliedern, sodass beim Quartettspiel alle Stimmen doppelt besetzt werden k\u00f6nnen. Ab und zu spielen wir auch stimm\u00fcbergreifende St\u00fccke mit anderen interessanten Besetzungen. Wir spielen Musik vom Fr\u00fchbarock bis zu modernen Pop- und Musicalinterpretationen f\u00fcr &hellip; <a href=\"https:\/\/www.sankturban.de\/?page_id=1108\">Weiterlesen <span class=\"meta-nav\">&rarr;<\/span><\/a><\/p>\n","protected":false},"author":1,"featured_media":0,"parent":326,"menu_order":0,"comment_status":"open","ping_status":"open","template":"","meta":{"footnotes":""},"class_list":["post-1108","page","type-page","status-publish","hentry"],"_links":{"self":[{"href":"https:\/\/www.sankturban.de\/index.php?rest_route=\/wp\/v2\/pages\/1108","targetHints":{"allow":["GET"]}}],"collection":[{"href":"https:\/\/www.sankturban.de\/index.php?rest_route=\/wp\/v2\/pages"}],"about":[{"href":"https:\/\/www.sankturban.de\/index.php?rest_route=\/wp\/v2\/types\/page"}],"author":[{"embeddable":true,"href":"https:\/\/www.sankturban.de\/index.php?rest_route=\/wp\/v2\/users\/1"}],"replies":[{"embeddable":true,"href":"https:\/\/www.sankturban.de\/index.php?rest_route=%2Fwp%2Fv2%2Fcomments&post=1108"}],"version-history":[{"count":11,"href":"https:\/\/www.sankturban.de\/index.php?rest_route=\/wp\/v2\/pages\/1108\/revisions"}],"predecessor-version":[{"id":5241,"href":"https:\/\/www.sankturban.de\/index.php?rest_route=\/wp\/v2\/pages\/1108\/revisions\/5241"}],"up":[{"embeddable":true,"href":"https:\/\/www.sankturban.de\/index.php?rest_route=\/wp\/v2\/pages\/326"}],"wp:attachment":[{"href":"https:\/\/www.sankturban.de\/index.php?rest_route=%2Fwp%2Fv2%2Fmedia&parent=1108"}],"curies":[{"name":"wp","href":"https:\/\/api.w.org\/{rel}","templated":true}]}}